
Suppose -51 = -12*y + 9*y. Let l = y + -5. What are the prime factors of l?
2, 3
Suppose 4 = 3*s - 2. Suppose 0 = -s*n + 5*n - 45. What are the prime factors of n?
3, 5
Let i = -6 + 0. Let c = -4 - i. Suppose 2*d - c*v - 14 = v, 0 = 3*d + 5*v - 2. What are the prime factors of d?
2
Let a(i) = 2*i**2 + 3*i - 2. Let f be a(-4). Suppose 0*y = 2*y - f. What are the prime factors of y?
3
Let r = 30 - 13. What are the prime factors of r?
17
What are the prime factors of 14/126 - (-1034)/9?
5, 23
Let h(o) = o - 3. Let g be h(4). What are the prime factors of ((-2)/(-6))/(g/18)?
2, 3
Suppose -65 - 190 = -5*g. List the prime factors of g.
3, 17
List the prime factors of (192/(-10))/(-5 + 194/40).
2
Suppose -t = -3*l - 21, -2*t + 0 = 4*l - 42. Suppose 1 = -z + t. List the prime factors of z.
2, 5
List the prime factors of 23/(-8)*-2*4.
23
Suppose 3*a = -3*x - 29 + 107, 4*x - 5*a = 149. List the prime factors of x.
31
Let x(u) = 6*u - 21. What are the prime factors of x(17)?
3
Suppose 18*w = 17*w + 232. What are the prime factors of w?
2, 29
Let v(j) = -j**3 - 9*j**2 - 5*j - 24. List the prime factors of v(-10).
2, 3, 7
Suppose -6*k = -k - 5*i - 645, -2*i = 5*k - 652. List the prime factors of k.
2, 5, 13
Suppose 5*u + 7 - 27 = -5*o, -5*u = -5*o. List the prime factors of (-100)/(-15) + u/(-3).
2, 3
Let d = -6 + 8. Let j(q) = q**2 - 2*q + 3. Let t be j(d). Suppose 0*k - t*k + 6 = 0, 0 = -v + 2*k - 1. List the prime factors of v.
3
Suppose -5*q + 25 = 2*v, q + v + 2*v = 18. Suppose -2*r - 4 = z + 5, -z + q*r + 16 = 0. Suppose z - 10 = -b. List the prime factors of b.
3
Let r be (-4)/(-4) + -2 + 25. Suppose 5*o = -3*j + 30 + 30, r = 2*o - 5*j. What are the prime factors of o?
2, 3
Suppose -5*y - 5 = 0, 7*y = 5*x + 2*y - 5. Let n = 15 + x. What are the prime factors of n?
3, 5
Let q(n) = -2*n. Let k be q(-1). Suppose -12 = -4*z, -z = k*s - 2*z - 47. What are the prime factors of s?
5
Suppose -3*r = 4*s - 103, -2*r = -5*s - 50 - 11. Suppose 0 - r = -3*a. Suppose -3 = q - a. What are the prime factors of q?
2
Let y(m) = 6*m - 2*m - m - 1. Suppose 0 = -2*k + 2*g + 6, 5*k = 3*g - 2 + 23. What are the prime factors of y(k)?
17
Let u be -2 + 1 - 56/(-8). Let f(d) be the third derivative of d**4/12 - d**3/3 + d**2. List the prime factors of f(u).
2, 5
Suppose -2 = -g + r + 16, -66 = -3*g - r. List the prime factors of g.
3, 7
Let z = -100 + 191. List the prime factors of z.
7, 13
Let c(n) be the first derivative of 4*n**3 + n**2 - n - 3. What are the prime factors of c(1)?
13
Let m(u) = 21*u. Let w(r) = -r - 2. Let q be w(-3). What are the prime factors of m(q)?
3, 7
Suppose 111 = 3*u + 33. What are the prime factors of u?
2, 13
Suppose 5*f = -0 + 50. Suppose 3*r + 3*m - 12 = 18, -2*r + 4*m = f. List the prime factors of r.
5
Let i(h) be the third derivative of 4*h**2 + 0*h - 1/8*h**4 - 7/3*h**3 + 0. List the prime factors of i(-12).
2, 11
Let a(c) be the second derivative of -c**4/12 - 4*c**3/3 - 9*c**2/2 + 2*c. What are the prime factors of a(-6)?
3
Let h(d) = -d + 18. Let k be h(14). Let c(r) = -r**3 + 5*r**2 + r + 2. Let m be c(3). Suppose x - 8 = -k*p, -p + 0 + m = 2*x. What are the prime factors of x?
2, 3
Suppose -11*y - 576 = -2633. List the prime factors of y.
11, 17
Let y be (-112)/7*(-10)/8. Suppose -4*u = h - y + 6, -4*h = -3*u - 37. What are the prime factors of h?
2, 5
Let m(z) = 14*z**2 - z - 1. Let g be m(-1). Let f = g + -1. What are the prime factors of f?
13
Let u = 0 + 3. Suppose 4 = -2*a + u*h + 22, a + 4*h + 13 = 0. What are the prime factors of (-56)/(-6) - a/9?
3
Let y = 0 - -2. Suppose -j = 3*b - b - y, -j + 2*b + 10 = 0. What are the prime factors of (4/j)/((-1)/(-3))?
2
Suppose -2*m = 4*t + 4, t = 2*m - t - 8. Suppose 2*i + 69 = 7*i + 2*f, 0 = -5*i + m*f + 61. What are the prime factors of i?
13
Let l = 23 - 2. List the prime factors of l.
3, 7
Suppose 2*d - 6 = -d. Suppose -5*q + 60 = -0*v - 5*v, -5*q - d*v + 46 = 0. List the prime factors of q.
2, 5
Suppose 5*g - 53 = 117. List the prime factors of g.
2, 17
Let v(t) = -47*t**2 + t. Let o be v(1). What are the prime factors of 2*(-1)/4*o?
23
Let o = 11 + -9. Suppose -n + u = -o*n + 13, 3*n - 4*u = 46. List the prime factors of n.
2, 7
Let f(i) be the second derivative of 0 - 4/3*i**3 + 9/2*i**2 + 1/12*i**4 + i. What are the prime factors of f(7)?
2
Let v(b) = b**2 + b + 5. Let l be 3 + 0 + (-2 - -4). Suppose 10 = -5*w + l*o, o + 16 = -3*w - o. What are the prime factors of v(w)?
17
Let g(v) be the first derivative of 4 - 1/2*v**2 + 0*v. What are the prime factors of g(-8)?
2
Let m(k) = 1 + 6*k**2 + k**3 + 3 + 7*k + 0. Let g be ((-8)/6 - 0)*3. List the prime factors of m(g).
2
Suppose 3*t - 61 = -6*s + s, 108 = 5*t + 2*s. What are the prime factors of t?
2, 11
Let k = 6 + -7. List the prime factors of k/((-1)/8)*2.
2
Suppose 2*n + 120 = 5*n - 4*i, -3*i - 189 = -5*n. Suppose n = 2*d - 26. Let v = d - 14. List the prime factors of v.
17
Let o be 4/18 - (-68)/18. Suppose -o*n = -3 - 5. List the prime factors of n.
2
Let m(o) = 2*o + 13. What are the prime factors of m(10)?
3, 11
Let i = 59 - 12. What are the prime factors of i?
47
Let k(s) = 5*s + 21. List the prime factors of k(7).
2, 7
Let a = 15 + -7. Suppose -2*z - o + 0 = -4, 4*z - 24 = 2*o. Suppose 2*r = z*r - a. List the prime factors of r.
2
Let d(o) = o**3 - 7*o**2 + 8*o - 2. What are the prime factors of d(6)?
2, 5
Suppose -3*b + b = -432. Let y be (2/(-3))/(6/b). List the prime factors of (9/(-12))/(2/y).
3
Suppose -4*r = 0, r - 53 = 5*z - 308. What are the prime factors of z?
3, 17
Let r(l) = -4*l**3 + 6*l**2 + 5*l. Let a(i) = i**2 + i. Let y(d) = 6*a(d) - r(d). Suppose j - 2 = -j. What are the prime factors of y(j)?
5
Let j be -5 + 21 - 2/(-1). List the prime factors of (j/27)/(2/36).
2, 3
Suppose -3*a = r - 193, 2*r = 2*a - a - 62. List the prime factors of a.
2
Let m(u) = 4*u + 34. List the prime factors of m(14).
2, 3, 5
What are the prime factors of 1/(-2) - (-102)/4?
5
Suppose -3*l = -6*l + 108. Let w be (-2)/(-2) + l/3. Suppose -5*r = -4*r - w. List the prime factors of r.
13
Suppose 5*y = -h - 8, -5*h - 1 = -5*y + 9. Let k be (-1)/(1*y/5). Suppose 2*q - 20 = -2*t - 0*t, 3*t + k*q = 32. List the prime factors of t.
3
Suppose 90 = -0*t + 5*t. Let a = 1 - -2. Suppose a*q = -0*q - 3*s + t, 5*s - 24 = -2*q. What are the prime factors of q?
2
Suppose -4*t = 3*m - 542, 4*m - 375 = t + 316. What are the prime factors of m?
2, 3, 29
Suppose 0 = -n + 4*x + 4, 8 = 2*n - 5*n + 2*x. Let o = n + 4. List the prime factors of (o - 2) + 10 + 0.
2
Let m(v) = v**2 + 2*v. Let o be m(3). Suppose 3*t - t + 16 = 0. Let a = t + o. List the prime factors of a.
7
Let n(u) = -u**3 + u**2 + 2*u - 1. Let s be n(1). Let c = 9 - s. What are the prime factors of c?
2
Let v(n) = -n**3 - 7*n**2 + 6*n + 9. Let s(h) = -h**2 + h. Let l(w) = -6*s(w) + v(w). What are the prime factors of l(0)?
3
Let m = -34 + 60. List the prime factors of m.
2, 13
Suppose 9*i - 6 = 7*i. Suppose 4*n = -s + 17, 2*n = -n + i. What are the prime factors of s?
13
Let p(y) = -y**3 + 5*y**2 + 7*y - 8. Suppose 3*j - 2*o - 12 = -4*o, 3*o = 5*j - 39. Let u be p(j). What are the prime factors of u*14/8*-2?
7
Let o be (2/4)/(7/280). List the prime factors of o/8*(2 + 4).
3, 5
Let g(b) = -2*b**2 + 2*b - 1. Let a be g(2). Let j = a - -8. List the prime factors of j.
3
Suppose -4*d - 2*c - 34 = 0, 0 = -7*d + 2*d - 3*c - 42. Let q = 4 - d. List the prime factors of q.
13
Let k(l) = l**2 + 6*l + 7. Let o be k(-5). Suppose 0*h - 28 = -o*h. What are the prime factors of h?
2, 7
Let r be 2 - -2 - (-4)/2. Suppose 0 = -3*x + r - 0. What are the prime factors of x?
2
Let f(r) = -23*r + 2. Let o be f(-6). Suppose -o = -8*z + 3*z. What are the prime factors of z?
2, 7
Suppose -26*w + 28*w = 324. What are the prime factors of w?
2, 3
Let n(d) = -2*d**3 + 12*d**2 - 16*d - 12. Let y(a) = a**3 - a**2 + a. Let i(p) = n(p) + 3*y(p). List the prime factors of i(-10).
2, 3
What are the prime factors of 1/(-3) + (-25704)/(-81)?
317
Let t be (-1)/1*0/(-2). Suppose t*o = 5*o - 5. Let f(s) = 11*s. What are the prime factors of f(o)?
11
Suppose -2*s = g - 6, 3*g + 2*s - 2 = -4. Suppose 0 = 2*y + 4 - 14. List the prime factors of (g - -6)*y/2.
5
Let l = -4 + 1. Let x = l - -9. Let u = x + -4. What are the pr